{"id":67,"date":"2022-01-17T21:52:32","date_gmt":"2022-01-17T21:52:32","guid":{"rendered":"https:\/\/inovhumre.iscte-iul.pt\/index.php\/apresentacao-english\/"},"modified":"2024-02-05T10:42:36","modified_gmt":"2024-02-05T10:42:36","slug":"apresentacao-english","status":"publish","type":"page","link":"https:\/\/inovhumre.iscte-iul.pt\/index.php\/en\/apresentacao-english\/","title":{"rendered":"Presentation"},"content":{"rendered":"\n<p><mark style=\"background-color:rgba(0, 0, 0, 0)\" class=\"has-inline-color has-vivid-cyan-blue-color\"><strong>About<\/strong> <strong>InovHumRe\u00a0&#8211; Innovation in Humanitarian Response<\/strong><\/mark><\/p>\n\n\n\n<p>Europe is the world&#8217;s largest provider of development aid and humanitarian action (HA) and is now also hosting a large numbers of refugees. Existing AH training provision at European and international level is insufficiently focused on ground analysis and is not satisfactorily informed in innovative teaching, learning and research methodologies based on field practice.<\/p>\n\n\n\n<p>Higher Education Institutions can bring particular added value to this field by offering a set of research methodologies informed by rigorous approaches.<\/p>\n\n\n\n<p><strong>InovHumRe<\/strong> is a project financed by the <strong>Erasmus+ Programme<\/strong> <strong>&#8211; KA203 &#8211; Strategic Partnerships for Higher Education<\/strong>, aiming to <strong>improve the quality and effectiveness<\/strong> of Higher Education Institutes,<strong> improving the education of Humanitarian Action students and professionals<\/strong>, through the implementation, in the second cycle of social science courses, of a curricular unit for the evaluation in humanitarian action.<\/p>\n\n\n\n<p>This curricular unit will be based on innovative methodological approaches &#8211; participatory assessment in Humanitarian Action and will feature the <strong>development of new learning tools<\/strong> that incorporate the contributions of partner HEIs and NGOs directly involved in the humanitarian response, thus filling skill gaps.<\/p>\n\n\n\n<div style=\"height:30px\" aria-hidden=\"true\" class=\"wp-block-spacer\"><\/div>\n\n\n\n<p><strong>Assist to to the <a href=\"https:\/\/youtu.be\/EYda3Dv7MHc\" data-type=\"link\" data-id=\"https:\/\/youtu.be\/EYda3Dv7MHc\" target=\"_blank\" rel=\"noreferrer noopener\">video<\/a> of the project&#8217;s activities<\/strong><\/p>\n\n\n\n<div style=\"height:47px\" aria-hidden=\"true\" class=\"wp-block-spacer\"><\/div>\n\n\n\n<p><mark style=\"background-color:rgba(0, 0, 0, 0)\" class=\"has-inline-color has-vivid-cyan-blue-color\"><strong>Target Groups<\/strong><\/mark><\/p>\n\n\n\n<p><strong>Direct<\/strong><\/p>\n\n\n\n<ul class=\"wp-block-list\">\n<li>Higher Education Institutes, that will have an innovative curricular unit and will reinforce their relations with NGOs<\/li>\n\n\n\n<li>Students, that will benefit from an innovative methodology and an Intensive Study programme<\/li>\n\n\n\n<li>Teachers, that will develop and make available an innovative curricular unit, reinforcing their training skills through the application of innovative methodologies<\/li>\n\n\n\n<li>NGOs, that will contribute to the project results and will benefit from workers with improved professional skills<\/li>\n<\/ul>\n\n\n\n<p><strong>Indirect:<\/strong> Migrants, refugees and other HA beneficiaries that will have the support from more qualified staff<\/p>\n\n\n\n<div style=\"height:28px\" aria-hidden=\"true\" class=\"wp-block-spacer\"><\/div>\n\n\n\n<div class=\"wp-block-media-text alignwide is-stacked-on-mobile\"><figure class=\"wp-block-media-text__media\"><a href=\"https:\/\/inovhumre.iscte-iul.pt\/wp-content\/uploads\/2022\/04\/InovHumRe_Leaflet.pdf\" target=\"_blank\" rel=\"noopener\"><img loading=\"lazy\" decoding=\"async\" width=\"1024\" height=\"716\" src=\"https:\/\/inovhumre.iscte-iul.pt\/wp-content\/uploads\/2022\/04\/Folhetook-1-1024x716.png\" alt=\"\" class=\"wp-image-645 size-full\" srcset=\"https:\/\/inovhumre.iscte-iul.pt\/wp-content\/uploads\/2022\/04\/Folhetook-1-1024x716.png 1024w, https:\/\/inovhumre.iscte-iul.pt\/wp-content\/uploads\/2022\/04\/Folhetook-1-300x210.png 300w, https:\/\/inovhumre.iscte-iul.pt\/wp-content\/uploads\/2022\/04\/Folhetook-1-768x537.png 768w, https:\/\/inovhumre.iscte-iul.pt\/wp-content\/uploads\/2022\/04\/Folhetook-1-1536x1075.png 1536w, https:\/\/inovhumre.iscte-iul.pt\/wp-content\/uploads\/2022\/04\/Folhetook-1-750x525.png 750w, https:\/\/inovhumre.iscte-iul.pt\/wp-content\/uploads\/2022\/04\/Folhetook-1.png 1608w\" sizes=\"auto, (max-width: 1024px) 100vw, 1024px\" \/><\/a><\/figure><div class=\"wp-block-media-text__content\">\n<p style=\"font-size:17px\"><strong>Download <a href=\"https:\/\/inovhumre.iscte-iul.pt\/wp-content\/uploads\/2022\/04\/InovHumRe_Leaflet.pdf\" data-type=\"URL\" data-id=\"https:\/\/inovhumre.iscte-iul.pt\/wp-content\/uploads\/2022\/04\/InovHumRe_Leaflet.pdf\" target=\"_blank\" rel=\"noreferrer noopener\">here<\/a> the project leaflet<\/strong><\/p>\n<\/div><\/div>\n\n\n\n<div style=\"height:29px\" aria-hidden=\"true\" class=\"wp-block-spacer\"><\/div>\n\n\n\n<hr class=\"wp-block-separator has-css-opacity is-style-wide\"\/>\n\n\n\n<p>The project <strong>InovHumRe<\/strong>, will last for 30 months (31\/12\/2020 \u2013 29\/11\/2023), is coordinated by <a href=\"https:\/\/www.iscte-iul.pt\/\" data-type=\"URL\" data-id=\"https:\/\/www.iscte-iul.pt\/\">Iscte \u2013 University Institute of Lisbon<\/a> and has as partners, the following entities:<\/p>\n\n\n\n<p>&#8211; <a href=\"http:\/\/www.imvf.org\/en\/home\/\" data-type=\"URL\" data-id=\"http:\/\/www.imvf.org\/en\/home\/\">Instituto Marqu\u00eas de Valle Fl\u00f4r<\/a>, Portugal<\/p>\n\n\n\n<p>&#8211; <a href=\"https:\/\/www.hacettepe.edu.tr\/english\" data-type=\"URL\" data-id=\"https:\/\/www.hacettepe.edu.tr\/english\">Hacettepe University<\/a>, Turkey<\/p>\n\n\n\n<p>&#8211;<a href=\"https:\/\/sened.ngo\/\" data-type=\"URL\" data-id=\"https:\/\/sened.ngo\/\"> Sened Dernegi<\/a>, Turkey<\/p>\n\n\n\n<p>&#8211; <a href=\"http:\/\/shuder.org\/\" data-type=\"URL\" data-id=\"http:\/\/shuder.org\/\">Sosyal Hizmet Uzmanlar\u0131 Derne\u011fi (SHUDER)<\/a>, Turkey<\/p>\n\n\n\n<p>&#8211; <a href=\"https:\/\/www.uned.es\/universidad\/inicio.html\" data-type=\"URL\" data-id=\"https:\/\/www.uned.es\/universidad\/inicio.html\">National University of Distance Learning (UNED)<\/a>, Spain<\/p>\n\n\n\n<p>&#8211; <a href=\"https:\/\/www.fundacionmagtel.es\/\" data-type=\"URL\" data-id=\"https:\/\/www.fundacionmagtel.es\/\">Fundac\u00edon Magtel<\/a>, Spain<\/p>\n\n\n\n<p> &#8211; <a href=\"https:\/\/portal.fgv.br\/\" data-type=\"URL\" data-id=\"https:\/\/portal.fgv.br\/\">Funda\u00e7\u00e3o Get\u00falio Vargas<\/a>, Brazil<\/p>\n\n\n\n<p>&#8211; <a href=\"https:\/\/www.icesi.edu.co\/en\/\" data-type=\"URL\" data-id=\"https:\/\/www.icesi.edu.co\/en\/\">Icesi University<\/a>, Colombia<\/p>\n","protected":false},"excerpt":{"rendered":"<p>About InovHumRe\u00a0&#8211; Innovation in Humanitarian Response Europe is the world&#8217;s largest provider of development aid and humanitarian action (HA) and is now also hosting a large numbers of refugees. Existing AH training provision at European and international level is insufficiently focused on ground analysis and is not satisfactorily informed in innovative teaching, learning and research&hellip;<a href=\"https:\/\/inovhumre.iscte-iul.pt\/index.php\/en\/apresentacao-english\/\" class=\"more-link\">Continue reading <span class=\"screen-reader-text\">Presentation<\/span><\/a><\/p>\n","protected":false},"author":1,"featured_media":0,"parent":0,"menu_order":0,"comment_status":"closed","ping_status":"closed","template":"","meta":{"footnotes":""},"class_list":["post-67","page","type-page","status-publish","hentry"],"_links":{"self":[{"href":"https:\/\/inovhumre.iscte-iul.pt\/index.php\/wp-json\/wp\/v2\/pages\/67","targetHints":{"allow":["GET"]}}],"collection":[{"href":"https:\/\/inovhumre.iscte-iul.pt\/index.php\/wp-json\/wp\/v2\/pages"}],"about":[{"href":"https:\/\/inovhumre.iscte-iul.pt\/index.php\/wp-json\/wp\/v2\/types\/page"}],"author":[{"embeddable":true,"href":"https:\/\/inovhumre.iscte-iul.pt\/index.php\/wp-json\/wp\/v2\/users\/1"}],"replies":[{"embeddable":true,"href":"https:\/\/inovhumre.iscte-iul.pt\/index.php\/wp-json\/wp\/v2\/comments?post=67"}],"version-history":[{"count":13,"href":"https:\/\/inovhumre.iscte-iul.pt\/index.php\/wp-json\/wp\/v2\/pages\/67\/revisions"}],"predecessor-version":[{"id":1243,"href":"https:\/\/inovhumre.iscte-iul.pt\/index.php\/wp-json\/wp\/v2\/pages\/67\/revisions\/1243"}],"wp:attachment":[{"href":"https:\/\/inovhumre.iscte-iul.pt\/index.php\/wp-json\/wp\/v2\/media?parent=67"}],"curies":[{"name":"wp","href":"https:\/\/api.w.org\/{rel}","templated":true}]}}