{"id":566,"date":"2022-02-25T11:35:59","date_gmt":"2022-02-25T11:35:59","guid":{"rendered":"https:\/\/inovhumre.iscte-iul.pt\/?page_id=566"},"modified":"2024-03-25T16:52:50","modified_gmt":"2024-03-25T16:52:50","slug":"recursos","status":"publish","type":"page","link":"https:\/\/inovhumre.iscte-iul.pt\/index.php\/recursos\/","title":{"rendered":"Recursos"},"content":{"rendered":"\n<div style=\"height:35px\" aria-hidden=\"true\" class=\"wp-block-spacer\"><\/div>\n\n\n\n<p style=\"font-size:21px\"><strong>Artigo<\/strong> publicado pelo Professor Ant\u00f3nio Lopez Pel\u00e1ez, UNED<\/p>\n\n\n\n<div style=\"height:24px\" aria-hidden=\"true\" class=\"wp-block-spacer\"><\/div>\n\n\n\n<p style=\"font-size:18px\">&#8220;News from our societies \u2013 ICSW: From the&nbsp;<em>Windhoek Declaration on Social Policy and Social Protection in Africa,<\/em>&nbsp;to the&nbsp;<em>Lisbon Declaration for the Development of Social Work and Humanitarian Action in the 21st Century<\/em>: a global project to achieve social welfare for all&#8221;<\/p>\n\n\n\n<p><a href=\"https:\/\/journals.sagepub.com\/doi\/10.1177\/00208728241235269\" target=\"_blank\" rel=\"noreferrer noopener\">https:\/\/journals.sagepub.com\/doi\/10.1177\/00208728241235269<\/a><\/p>\n\n\n\n<div style=\"height:48px\" aria-hidden=\"true\" class=\"wp-block-spacer\"><\/div>\n\n\n\n<p style=\"font-size:21px\"><strong>Infogr\u00e1fico sobre Avalia\u00e7\u00e3o Participativa<\/strong>, criado pelo parceiro ICESI University, na Col\u00f4mbia<\/p>\n\n\n\n<div style=\"height:44px\" aria-hidden=\"true\" class=\"wp-block-spacer\"><\/div>\n\n\n\n<figure class=\"wp-block-image size-full is-resized\"><a href=\"http:\/\/inovhumre.iscte-iul.pt\/wp-content\/uploads\/2024\/01\/Infographic_Participatory-Evaluation-compressed.pdf\" target=\"_blank\" rel=\"noreferrer noopener\"><img loading=\"lazy\" decoding=\"async\" width=\"600\" height=\"522\" src=\"https:\/\/inovhumre.iscte-iul.pt\/wp-content\/uploads\/2024\/01\/Icesi.png\" alt=\"\" class=\"wp-image-1166\" style=\"width:488px;height:auto\" srcset=\"https:\/\/inovhumre.iscte-iul.pt\/wp-content\/uploads\/2024\/01\/Icesi.png 600w, https:\/\/inovhumre.iscte-iul.pt\/wp-content\/uploads\/2024\/01\/Icesi-300x261.png 300w\" sizes=\"auto, (max-width: 600px) 100vw, 600px\" \/><\/a><\/figure>\n\n\n\n<div style=\"height:60px\" aria-hidden=\"true\" class=\"wp-block-spacer\"><\/div>\n\n\n\n<p style=\"font-size:21px\"><strong> Territ\u00f3rios Sustent\u00e1veis para a Paz no Caquet\u00e1<\/strong><\/p>\n\n\n\n<p style=\"font-size:21px\">Assista ao<a href=\"https:\/\/youtu.be\/OrxiEjJXu2g\" target=\"_blank\" rel=\"noreferrer noopener\"> v\u00eddeo<\/a> produzido pelo IMVF com o apoio do parceiro Red Adelco, sobre o projeto \u201cTerrit\u00f3rios Sustent\u00e1veis para a Paz no Caquet\u00e1\u201d, implementado na Col\u00f4mbia<\/p>\n\n\n\n<div style=\"height:26px\" aria-hidden=\"true\" class=\"wp-block-spacer\"><\/div>\n\n\n\n<figure class=\"wp-block-image size-large\"><a href=\"https:\/\/youtu.be\/OrxiEjJXu2g\" target=\"_blank\" rel=\"noreferrer noopener\"><img loading=\"lazy\" decoding=\"async\" width=\"1024\" height=\"553\" src=\"https:\/\/inovhumre.iscte-iul.pt\/wp-content\/uploads\/2024\/01\/IMVF-1-1024x553.png\" alt=\"\" class=\"wp-image-1141\" srcset=\"https:\/\/inovhumre.iscte-iul.pt\/wp-content\/uploads\/2024\/01\/IMVF-1-1024x553.png 1024w, https:\/\/inovhumre.iscte-iul.pt\/wp-content\/uploads\/2024\/01\/IMVF-1-300x162.png 300w, https:\/\/inovhumre.iscte-iul.pt\/wp-content\/uploads\/2024\/01\/IMVF-1-768x415.png 768w, https:\/\/inovhumre.iscte-iul.pt\/wp-content\/uploads\/2024\/01\/IMVF-1-750x405.png 750w, https:\/\/inovhumre.iscte-iul.pt\/wp-content\/uploads\/2024\/01\/IMVF-1.png 1074w\" sizes=\"auto, (max-width: 1024px) 100vw, 1024px\" \/><\/a><\/figure>\n\n\n\n<div style=\"height:37px\" aria-hidden=\"true\" class=\"wp-block-spacer\"><\/div>\n\n\n\n<h3 class=\"wp-block-heading\">Semin\u00e1rio Internacional&nbsp;&#8220;A Investiga\u00e7\u00e3o e o Ensino da A\u00e7\u00e3o Humanit\u00e1ria em Universidades de Pa\u00edses de L\u00edngua Portuguesa<\/h3>\n\n\n\n<div style=\"height:60px\" aria-hidden=\"true\" class=\"wp-block-spacer\"><\/div>\n\n\n\n<p style=\"font-size:21px\">Esta iniciativa, que teve lugar no dia 21 de outubro de 2021, contou com o apoio do Instituto Cam\u00f5es e com a participa\u00e7\u00e3o de reitores, investigadores e representantes de institui\u00e7\u00f5es do terceiro setor de Portugal, Cabo Verde e Mo\u00e7ambique.<\/p>\n\n\n\n<p style=\"font-size:21px\">O Semin\u00e1rio teve como objetivos consolidar o trabalho conjunto entre universidades da Comunidade de Pa\u00edses de L\u00edngua Portuguesa no \u00e2mbito da investiga\u00e7\u00e3o e ensino na \u00e1rea da A\u00e7\u00e3o Humanit\u00e1ria, e as poss\u00edveis articula\u00e7\u00f5es com organiza\u00e7\u00f5es que interv\u00eam no terreno. Pretendeu-se ainda refor\u00e7ar o conhecimento sobre a coopera\u00e7\u00e3o entre \u00c1frica e a Uni\u00e3o Europeia nesta \u00e1rea, incluindo o debate em torno dos impactos do COVID-19 na resposta humanit\u00e1ria<\/p>\n\n\n\n<div style=\"height:60px\" aria-hidden=\"true\" class=\"wp-block-spacer\"><\/div>\n\n\n\n<iframe loading=\"lazy\" width=\"560\" height=\"315\" src=\"https:\/\/www.youtube.com\/embed\/_DpTK810bQs\" title=\"YouTube video player\" frameborder=\"0\" allow=\"accelerometer; autoplay; clipboard-write; encrypted-media; gyroscope; picture-in-picture\" allowfullscreen=\"\"><\/iframe>\n\n\n\n<div style=\"height:61px\" aria-hidden=\"true\" class=\"wp-block-spacer\"><\/div>\n\n\n\n<hr class=\"wp-block-separator has-css-opacity is-style-wide\"\/>\n\n\n\n<h2 class=\"wp-block-heading\">A A\u00e7\u00e3o Humanit\u00e1ria em Mo\u00e7ambique<\/h2>\n\n\n\n<div style=\"height:60px\" aria-hidden=\"true\" class=\"wp-block-spacer\"><\/div>\n\n\n\n<script id=\"EDUcast_includeclip_1efckd3o6g\" src=\"https:\/\/educast.fccn.pt\/vod\/clips\/1efckd3o6g\/video_player\/embed5.js?height=405&amp;locale=en&amp;width=720\" type=\"text\/javascript\"><\/script>\n\n\n\n<div style=\"height:42px\" aria-hidden=\"true\" class=\"wp-block-spacer\"><\/div>\n\n\n\n<p style=\"font-size:21px\"><strong>Dr. C\u00e9sar Tamb\u00e9<\/strong><br>Diretor da Divis\u00e3o de Preven\u00e7\u00e3o e Mitiga\u00e7\u00e3o do Instituto Nacional de Gest\u00e3o e Redu\u00e7\u00e3o do Risco de Desastres em Mo\u00e7ambique<\/p>\n","protected":false},"excerpt":{"rendered":"<p>Artigo publicado pelo Professor Ant\u00f3nio Lopez Pel\u00e1ez, UNED &#8220;News from our societies \u2013 ICSW: From the&nbsp;Windhoek Declaration on Social Policy and Social Protection in Africa,&nbsp;to the&nbsp;Lisbon Declaration for the Development of Social Work and Humanitarian Action in the 21st Century: a global project to achieve social welfare for all&#8221; https:\/\/journals.sagepub.com\/doi\/10.1177\/00208728241235269 Infogr\u00e1fico sobre Avalia\u00e7\u00e3o Participativa, criado&hellip;<a href=\"https:\/\/inovhumre.iscte-iul.pt\/index.php\/recursos\/\" class=\"more-link\">Continue reading <span class=\"screen-reader-text\">Recursos<\/span><\/a><\/p>\n","protected":false},"author":1,"featured_media":0,"parent":0,"menu_order":0,"comment_status":"closed","ping_status":"closed","template":"","meta":{"footnotes":""},"class_list":["post-566","page","type-page","status-publish","hentry"],"_links":{"self":[{"href":"https:\/\/inovhumre.iscte-iul.pt\/index.php\/wp-json\/wp\/v2\/pages\/566","targetHints":{"allow":["GET"]}}],"collection":[{"href":"https:\/\/inovhumre.iscte-iul.pt\/index.php\/wp-json\/wp\/v2\/pages"}],"about":[{"href":"https:\/\/inovhumre.iscte-iul.pt\/index.php\/wp-json\/wp\/v2\/types\/page"}],"author":[{"embeddable":true,"href":"https:\/\/inovhumre.iscte-iul.pt\/index.php\/wp-json\/wp\/v2\/users\/1"}],"replies":[{"embeddable":true,"href":"https:\/\/inovhumre.iscte-iul.pt\/index.php\/wp-json\/wp\/v2\/comments?post=566"}],"version-history":[{"count":12,"href":"https:\/\/inovhumre.iscte-iul.pt\/index.php\/wp-json\/wp\/v2\/pages\/566\/revisions"}],"predecessor-version":[{"id":1271,"href":"https:\/\/inovhumre.iscte-iul.pt\/index.php\/wp-json\/wp\/v2\/pages\/566\/revisions\/1271"}],"wp:attachment":[{"href":"https:\/\/inovhumre.iscte-iul.pt\/index.php\/wp-json\/wp\/v2\/media?parent=566"}],"curies":[{"name":"wp","href":"https:\/\/api.w.org\/{rel}","templated":true}]}}