{"id":32,"date":"2021-09-28T16:24:22","date_gmt":"2021-09-28T16:24:22","guid":{"rendered":"http:\/\/inovhumre.iscte-iul.pt\/?page_id=32"},"modified":"2024-01-24T17:00:30","modified_gmt":"2024-01-24T17:00:30","slug":"resultados-e-atividades","status":"publish","type":"page","link":"https:\/\/inovhumre.iscte-iul.pt\/index.php\/resultados-e-atividades\/","title":{"rendered":"Atividades"},"content":{"rendered":"\n<div style=\"height:37px\" aria-hidden=\"true\" class=\"wp-block-spacer\"><\/div>\n\n\n\n<p class=\"has-medium-font-size\">&gt; Realiza\u00e7\u00e3o de uma <strong>forma\u00e7\u00e3o de curta dura\u00e7\u00e3o<\/strong> dirigida aos parceiros do projeto com o objetivo de promover a troca de ideias e a partilha de conhecimentos para a consolida\u00e7\u00e3o da nova unidade curricular em Avalia\u00e7\u00e3o Participativa<\/p>\n\n\n\n<div style=\"height:36px\" aria-hidden=\"true\" class=\"wp-block-spacer\"><\/div>\n\n\n\n<p style=\"font-size:18px\"><strong><mark style=\"background-color:rgba(0, 0, 0, 0)\" class=\"has-inline-color has-vivid-cyan-blue-color\">Universidade Hacettepe, Turquia, 20 a 24 de setembro 2021<\/mark><\/strong><\/p>\n\n\n\n<div style=\"height:17px\" aria-hidden=\"true\" class=\"wp-block-spacer\"><\/div>\n\n\n\n<div class=\"wp-block-media-text is-stacked-on-mobile is-vertically-aligned-top\" style=\"grid-template-columns:32% auto\"><figure class=\"wp-block-media-text__media\"><img loading=\"lazy\" decoding=\"async\" width=\"1024\" height=\"576\" src=\"http:\/\/inovhumre.iscte-iul.pt\/wp-content\/uploads\/2022\/02\/PHOTO-2021-09-22-10-05-40-1-1024x576.jpg\" alt=\"\" class=\"wp-image-523 size-full\" srcset=\"https:\/\/inovhumre.iscte-iul.pt\/wp-content\/uploads\/2022\/02\/PHOTO-2021-09-22-10-05-40-1-1024x576.jpg 1024w, https:\/\/inovhumre.iscte-iul.pt\/wp-content\/uploads\/2022\/02\/PHOTO-2021-09-22-10-05-40-1-300x169.jpg 300w, https:\/\/inovhumre.iscte-iul.pt\/wp-content\/uploads\/2022\/02\/PHOTO-2021-09-22-10-05-40-1-768x432.jpg 768w, https:\/\/inovhumre.iscte-iul.pt\/wp-content\/uploads\/2022\/02\/PHOTO-2021-09-22-10-05-40-1-1536x863.jpg 1536w, https:\/\/inovhumre.iscte-iul.pt\/wp-content\/uploads\/2022\/02\/PHOTO-2021-09-22-10-05-40-1-750x422.jpg 750w, https:\/\/inovhumre.iscte-iul.pt\/wp-content\/uploads\/2022\/02\/PHOTO-2021-09-22-10-05-40-1.jpg 2048w\" sizes=\"auto, (max-width: 1024px) 100vw, 1024px\" \/><\/figure><div class=\"wp-block-media-text__content\">\n<p>A Universidade Hacettepe, organizou a forma\u00e7\u00e3o que teve como objetivos: (1) discutir e rever os resultados dos relat\u00f3rios sobre o estado da avalia\u00e7\u00e3o participativa nos cinco pa\u00edses da parceria, elaborados pelos parceiros sobre o envolvimento dos stakeholders na avalia\u00e7\u00e3o em a\u00e7\u00e3o humanit\u00e1ria; (2) discutir as ferramentas para o ensino a dist\u00e2ncia da unidade curricular a desenvolver pelo projeto; (3) refletir sobre a estrutura do Handbook que ser\u00e1 escrito pela equipa do projeto e (4) partilhar ideias sobre os conte\u00fados da unidade curricular\u00a0 de Avalia\u00e7\u00e3o Participativa em A\u00e7\u00e3o Humanit\u00e1ria que ser\u00e1 desenvolvida conjuntamente no \u00e2mbito do projeto.<\/p>\n\n\n\n<p>A realiza\u00e7\u00e3o desta forma\u00e7\u00e3o foi de extrema import\u00e2ncia pois n\u00e3o s\u00f3, pela primeira vez, foi poss\u00edvel o contacto presencial entre os membros da parceria, como tamb\u00e9m foram revistos os quatro outputs do projeto, com especial incid\u00eancia no primeiro, o relat\u00f3rio previamente elaborado e a constru\u00e7\u00e3o do Syllabus, o output seguinte.<\/p>\n\n\n\n<div style=\"height:27px\" aria-hidden=\"true\" class=\"wp-block-spacer\"><\/div>\n<\/div><\/div>\n\n\n\n<p class=\"has-medium-font-size\">> Realiza\u00e7\u00e3o de <strong>Programas de Estudos Intensivo<\/strong><\/p>\n\n\n\n<div style=\"height:25px\" aria-hidden=\"true\" class=\"wp-block-spacer\"><\/div>\n\n\n\n<p style=\"font-size:18px\"><strong><mark style=\"background-color:rgba(0, 0, 0, 0)\" class=\"has-inline-color has-vivid-cyan-blue-color\">Universidade Hacettepe, Turquia, 12 a 16 de dezembro 2022<\/mark><\/strong><\/p>\n\n\n\n<div style=\"height:17px\" aria-hidden=\"true\" class=\"wp-block-spacer\"><\/div>\n\n\n\n<div class=\"wp-block-media-text is-stacked-on-mobile is-vertically-aligned-top\" style=\"grid-template-columns:33% auto\"><figure class=\"wp-block-media-text__media\"><img loading=\"lazy\" decoding=\"async\" width=\"1024\" height=\"768\" src=\"http:\/\/inovhumre.iscte-iul.pt\/wp-content\/uploads\/2022\/12\/WhatsApp-Image-2022-12-13-at-10.09.30-1.jpeg\" alt=\"\" class=\"wp-image-799 size-full\" srcset=\"https:\/\/inovhumre.iscte-iul.pt\/wp-content\/uploads\/2022\/12\/WhatsApp-Image-2022-12-13-at-10.09.30-1.jpeg 1024w, https:\/\/inovhumre.iscte-iul.pt\/wp-content\/uploads\/2022\/12\/WhatsApp-Image-2022-12-13-at-10.09.30-1-300x225.jpeg 300w, https:\/\/inovhumre.iscte-iul.pt\/wp-content\/uploads\/2022\/12\/WhatsApp-Image-2022-12-13-at-10.09.30-1-768x576.jpeg 768w, https:\/\/inovhumre.iscte-iul.pt\/wp-content\/uploads\/2022\/12\/WhatsApp-Image-2022-12-13-at-10.09.30-1-750x563.jpeg 750w\" sizes=\"auto, (max-width: 1024px) 100vw, 1024px\" \/><\/figure><div class=\"wp-block-media-text__content\">\n<p>Atrav\u00e9s desta atividade alunos, docentes e profissionais de ONGs trabalharam em conjunto no desenvolvimento da unidade curricular em avalia\u00e7\u00e3o participativa, lecionadas nas universidades parceiras do projeto. Nesta forma\u00e7\u00e3o foram utlizadas metodologias participativas, nomeadamente, mesas redondas sobre diferentes tem\u00e1ticas da a\u00e7\u00e3o humanit\u00e1ria e sobre avalia\u00e7\u00e3o participativa, foram tamb\u00e9m promovidos debates, workshops com ONGs e visitas ao terreno.<\/p>\n\n\n\n<div style=\"height:32px\" aria-hidden=\"true\" class=\"wp-block-spacer\"><\/div>\n<\/div><\/div>\n\n\n\n<div style=\"height:47px\" aria-hidden=\"true\" class=\"wp-block-spacer\"><\/div>\n\n\n\n<p style=\"font-size:18px\"><strong><mark style=\"background-color:rgba(0, 0, 0, 0)\" class=\"has-inline-color has-vivid-cyan-blue-color\">Iscte, Portugal, 13 a 17 de dezembro 2023<\/mark><\/strong><\/p>\n\n\n\n<div style=\"height:15px\" aria-hidden=\"true\" class=\"wp-block-spacer\"><\/div>\n\n\n\n<div class=\"wp-block-media-text is-stacked-on-mobile is-vertically-aligned-top\" style=\"grid-template-columns:37% auto\"><figure class=\"wp-block-media-text__media\"><img loading=\"lazy\" decoding=\"async\" width=\"1024\" height=\"595\" src=\"http:\/\/inovhumre.iscte-iul.pt\/wp-content\/uploads\/2021\/09\/photo-2-1024x595.jpg\" alt=\"\" class=\"wp-image-1113 size-full\" srcset=\"https:\/\/inovhumre.iscte-iul.pt\/wp-content\/uploads\/2021\/09\/photo-2-1024x595.jpg 1024w, https:\/\/inovhumre.iscte-iul.pt\/wp-content\/uploads\/2021\/09\/photo-2-300x174.jpg 300w, https:\/\/inovhumre.iscte-iul.pt\/wp-content\/uploads\/2021\/09\/photo-2-768x446.jpg 768w, https:\/\/inovhumre.iscte-iul.pt\/wp-content\/uploads\/2021\/09\/photo-2-750x436.jpg 750w, https:\/\/inovhumre.iscte-iul.pt\/wp-content\/uploads\/2021\/09\/photo-2.jpg 1255w\" sizes=\"auto, (max-width: 1024px) 100vw, 1024px\" \/><\/figure><div class=\"wp-block-media-text__content\">\n<p>Nesta atividade, o projeto reuniu os parceiros, estudantes, docentes, profissionais de ONGs e especialistas em servi\u00e7o social. O objetivo foi abordar os temas do projecto InovHumRe, nomeadamente, a avalia\u00e7\u00e3o participativa, as estrat\u00e9gias de co-design, as crises e desafios \u00e0 interven\u00e7\u00e3o de emerg\u00eancia e integra\u00e7\u00e3o de migrantes. Esta foi uma necessidade sentida com a aproxima\u00e7\u00e3o do encerramento do projeto, permitindo a consolida\u00e7\u00e3o dos conhecimentos adquiridos e criando um ambiente de aprendizagem onde todas as partes envolvidas beneficiaram da partilha de informa\u00e7\u00e3o, discuss\u00f5es ativas e metodologias participativas. O evento foi estruturado com sess\u00f5es plen\u00e1rias e workshops onde alunos e professores participaram, trocaram experi\u00eancias e conhecimentos.<\/p>\n\n\n\n<p>Neste programa participaram: Alunos dos cursos de segundo ciclo que frequentaram o Piloto de Portugal e Espanha; docentes da unidade curricular e profissionais de ONGs diretamente envolvidos no projeto<\/p>\n<\/div><\/div>\n\n\n\n<div style=\"height:46px\" aria-hidden=\"true\" class=\"wp-block-spacer\"><\/div>\n\n\n\n<p class=\"has-medium-font-size\">> Realiza\u00e7\u00e3o de <strong>Eventos de Dissemina\u00e7\u00e3o <\/strong>em Portugal, Espanha e Turquia<\/p>\n\n\n\n<div style=\"height:33px\" aria-hidden=\"true\" class=\"wp-block-spacer\"><\/div>\n\n\n\n<p style=\"font-size:18px\"><strong><mark style=\"background-color:rgba(0, 0, 0, 0)\" class=\"has-inline-color has-vivid-cyan-blue-color\">Fundac\u00edon Magtel, Espanha &#8211; 20 de setembro 2023<\/mark><\/strong><\/p>\n\n\n\n<div style=\"height:18px\" aria-hidden=\"true\" class=\"wp-block-spacer\"><\/div>\n\n\n\n<div class=\"wp-block-media-text is-stacked-on-mobile is-vertically-aligned-top\" style=\"grid-template-columns:33% auto\"><figure class=\"wp-block-media-text__media\"><img loading=\"lazy\" decoding=\"async\" width=\"1024\" height=\"576\" src=\"http:\/\/inovhumre.iscte-iul.pt\/wp-content\/uploads\/2023\/10\/WhatsApp-Image-2023-09-20-at-10.02.49-7-1024x576.jpeg\" alt=\"\" class=\"wp-image-923 size-full\" srcset=\"https:\/\/inovhumre.iscte-iul.pt\/wp-content\/uploads\/2023\/10\/WhatsApp-Image-2023-09-20-at-10.02.49-7-1024x576.jpeg 1024w, https:\/\/inovhumre.iscte-iul.pt\/wp-content\/uploads\/2023\/10\/WhatsApp-Image-2023-09-20-at-10.02.49-7-300x169.jpeg 300w, https:\/\/inovhumre.iscte-iul.pt\/wp-content\/uploads\/2023\/10\/WhatsApp-Image-2023-09-20-at-10.02.49-7-768x432.jpeg 768w, https:\/\/inovhumre.iscte-iul.pt\/wp-content\/uploads\/2023\/10\/WhatsApp-Image-2023-09-20-at-10.02.49-7-1536x863.jpeg 1536w, https:\/\/inovhumre.iscte-iul.pt\/wp-content\/uploads\/2023\/10\/WhatsApp-Image-2023-09-20-at-10.02.49-7-750x422.jpeg 750w, https:\/\/inovhumre.iscte-iul.pt\/wp-content\/uploads\/2023\/10\/WhatsApp-Image-2023-09-20-at-10.02.49-7.jpeg 2048w\" sizes=\"auto, (max-width: 1024px) 100vw, 1024px\" \/><\/figure><div class=\"wp-block-media-text__content\">\n<p>O evento teve como objetivo apresentar o projeto \u00e0 comunidade em geral, os resultados alcan\u00e7ados at\u00e9 ao momento e criar um espa\u00e7o de debate e discuss\u00e3o sobre a tem\u00e1tica do projeto. O evento contou com interven\u00e7\u00f5es dos parceiros do projeto, a ONG espanhola \u201cAsociaci\u00f3n Diversidades\u201d e uma mesa redonda para debate. O p\u00fablico foi vasto e contou com profissionais, stakeholders, professores, investigadores e estudantes<\/p>\n<\/div><\/div>\n\n\n\n<div style=\"height:38px\" aria-hidden=\"true\" class=\"wp-block-spacer\"><\/div>\n\n\n\n<p style=\"font-size:18px\"><strong><mark style=\"background-color:rgba(0, 0, 0, 0)\" class=\"has-inline-color has-vivid-cyan-blue-color\">SHUDER, Turquia &#8211; 20 de outubro e 23 de novembro 2023<\/mark><\/strong><\/p>\n\n\n\n<div style=\"height:15px\" aria-hidden=\"true\" class=\"wp-block-spacer\"><\/div>\n\n\n\n<div class=\"wp-block-media-text has-media-on-the-right is-stacked-on-mobile is-vertically-aligned-top\" style=\"grid-template-columns:auto 37%\"><div class=\"wp-block-media-text__content\">\n<p class=\"has-text-align-left\">O parceiro SHUDER, sediado em Ankara, realizou dois eventos multiplicadores, nos dia 20 de outubro e 23 de novembro. Nos eventos participaram alunos de servi\u00e7o social, docentes e trabalhadores de ONGs. As sess\u00f5es foram estruturadas nos seguintes t\u00f3picos: (1) Apresenta\u00e7\u00e3o do projeto InovHumRe, (2) Avalia\u00e7\u00e3o participativa, (3) Compara\u00e7\u00e3o entre avalia\u00e7\u00e3o tradicional e avalia\u00e7\u00e3o participativa e (4) Quais as fases na implementa\u00e7\u00e3o na avalia\u00e7\u00e3o participativa. Nos eventos houve tamb\u00e9m espa\u00e7o para perguntas e respostas dos participantes, assim como para a apresenta\u00e7\u00e3o de casos pr\u00e1ticos.<\/p>\n<\/div><figure class=\"wp-block-media-text__media\"><img loading=\"lazy\" decoding=\"async\" width=\"1021\" height=\"373\" src=\"https:\/\/inovhumre.iscte-iul.pt\/wp-content\/uploads\/2024\/01\/Picture2-1.png\" alt=\"\" class=\"wp-image-1101 size-full\" srcset=\"https:\/\/inovhumre.iscte-iul.pt\/wp-content\/uploads\/2024\/01\/Picture2-1.png 1021w, https:\/\/inovhumre.iscte-iul.pt\/wp-content\/uploads\/2024\/01\/Picture2-1-300x110.png 300w, https:\/\/inovhumre.iscte-iul.pt\/wp-content\/uploads\/2024\/01\/Picture2-1-768x281.png 768w, https:\/\/inovhumre.iscte-iul.pt\/wp-content\/uploads\/2024\/01\/Picture2-1-750x274.png 750w\" sizes=\"auto, (max-width: 1021px) 100vw, 1021px\" \/><\/figure><\/div>\n\n\n\n<div style=\"height:24px\" aria-hidden=\"true\" class=\"wp-block-spacer\"><\/div>\n\n\n\n<p style=\"font-size:18px\"><strong><mark style=\"background-color:rgba(0, 0, 0, 0)\" class=\"has-inline-color has-vivid-cyan-blue-color\">IMVF, Portugal &#8211; 27 de outubro 2023<\/mark><\/strong><\/p>\n\n\n\n<div style=\"height:14px\" aria-hidden=\"true\" class=\"wp-block-spacer\"><\/div>\n\n\n\n<div class=\"wp-block-media-text is-stacked-on-mobile is-vertically-aligned-top\" style=\"grid-template-columns:28% auto\"><figure class=\"wp-block-media-text__media\"><img loading=\"lazy\" decoding=\"async\" width=\"1024\" height=\"682\" src=\"https:\/\/inovhumre.iscte-iul.pt\/wp-content\/uploads\/2024\/01\/Photo-1024x682.jpg\" alt=\"\" class=\"wp-image-1102 size-full\" srcset=\"https:\/\/inovhumre.iscte-iul.pt\/wp-content\/uploads\/2024\/01\/Photo-1024x682.jpg 1024w, https:\/\/inovhumre.iscte-iul.pt\/wp-content\/uploads\/2024\/01\/Photo-300x200.jpg 300w, https:\/\/inovhumre.iscte-iul.pt\/wp-content\/uploads\/2024\/01\/Photo-768x512.jpg 768w, https:\/\/inovhumre.iscte-iul.pt\/wp-content\/uploads\/2024\/01\/Photo-1536x1023.jpg 1536w, https:\/\/inovhumre.iscte-iul.pt\/wp-content\/uploads\/2024\/01\/Photo-750x500.jpg 750w, https:\/\/inovhumre.iscte-iul.pt\/wp-content\/uploads\/2024\/01\/Photo.jpg 1600w\" sizes=\"auto, (max-width: 1024px) 100vw, 1024px\" \/><\/figure><div class=\"wp-block-media-text__content\">\n<p>O workshop foi organizado pelo Instituto Marqu\u00eas de Valle Fl\u00f4r (IMVF), teve como objetivo apresentar o projeto InovHumRe e os resultados produzidos at\u00e9 ao momento. Neste evento participaram ONGs e profissionais de a\u00e7\u00e3o humanit\u00e1ria. O projeto foi apresentado pelo Coordenador do projeto, Paulo Pedroso. Patricia Fonseca, da plataforma de ONGD, tamb\u00e9m deu o seu contributo sobre a import\u00e2ncia da avalia\u00e7\u00e3o participativa em projetos de a\u00e7\u00e3o humanit\u00e1ria. Carolina Quina, do IMVF falou tamb\u00e9m sobre um projeto de a\u00e7\u00e3o humanit\u00e1ria, conduzido pelo IMVF, refletindo sobre a import\u00e2ncia da avalia\u00e7\u00e3o participativa dentro do projeto.<\/p>\n<\/div><\/div>\n\n\n\n<div style=\"height:54px\" aria-hidden=\"true\" class=\"wp-block-spacer\"><\/div>\n\n\n\n<p class=\"has-medium-font-size\">&gt; Realiza\u00e7\u00e3o de <strong>reuni\u00f5es transnacionais de gest\u00e3o<\/strong> do projeto <\/p>\n\n\n\n<div style=\"height:44px\" aria-hidden=\"true\" class=\"wp-block-spacer\"><\/div>\n\n\n\n<div class=\"wp-block-columns is-layout-flex wp-container-core-columns-is-layout-9d6595d7 wp-block-columns-is-layout-flex\">\n<div class=\"wp-block-column is-layout-flow wp-block-column-is-layout-flow\" style=\"flex-basis:25%\">\n<figure class=\"wp-block-image size-large\"><img loading=\"lazy\" decoding=\"async\" width=\"1024\" height=\"575\" src=\"http:\/\/inovhumre.iscte-iul.pt\/wp-content\/uploads\/2022\/07\/WhatsApp-Image-2022-07-04-at-10.56.13-2-1024x575.jpeg\" alt=\"\" class=\"wp-image-771\" srcset=\"https:\/\/inovhumre.iscte-iul.pt\/wp-content\/uploads\/2022\/07\/WhatsApp-Image-2022-07-04-at-10.56.13-2-1024x575.jpeg 1024w, https:\/\/inovhumre.iscte-iul.pt\/wp-content\/uploads\/2022\/07\/WhatsApp-Image-2022-07-04-at-10.56.13-2-300x169.jpeg 300w, https:\/\/inovhumre.iscte-iul.pt\/wp-content\/uploads\/2022\/07\/WhatsApp-Image-2022-07-04-at-10.56.13-2-768x432.jpeg 768w, https:\/\/inovhumre.iscte-iul.pt\/wp-content\/uploads\/2022\/07\/WhatsApp-Image-2022-07-04-at-10.56.13-2-1536x863.jpeg 1536w, https:\/\/inovhumre.iscte-iul.pt\/wp-content\/uploads\/2022\/07\/WhatsApp-Image-2022-07-04-at-10.56.13-2-750x421.jpeg 750w, https:\/\/inovhumre.iscte-iul.pt\/wp-content\/uploads\/2022\/07\/WhatsApp-Image-2022-07-04-at-10.56.13-2.jpeg 1920w\" sizes=\"auto, (max-width: 1024px) 100vw, 1024px\" \/><figcaption class=\"wp-element-caption\">Ourense: 05 &#8211; 06 jul 22 <\/figcaption><\/figure>\n<\/div>\n\n\n\n<div class=\"wp-block-column is-layout-flow wp-block-column-is-layout-flow\" style=\"flex-basis:25%\">\n<figure class=\"wp-block-image size-large\"><img loading=\"lazy\" decoding=\"async\" width=\"1024\" height=\"576\" src=\"http:\/\/inovhumre.iscte-iul.pt\/wp-content\/uploads\/2023\/03\/20230320_095832-1024x576.jpg\" alt=\"\" class=\"wp-image-845\" srcset=\"https:\/\/inovhumre.iscte-iul.pt\/wp-content\/uploads\/2023\/03\/20230320_095832-1024x576.jpg 1024w, https:\/\/inovhumre.iscte-iul.pt\/wp-content\/uploads\/2023\/03\/20230320_095832-300x169.jpg 300w, https:\/\/inovhumre.iscte-iul.pt\/wp-content\/uploads\/2023\/03\/20230320_095832-768x432.jpg 768w, https:\/\/inovhumre.iscte-iul.pt\/wp-content\/uploads\/2023\/03\/20230320_095832-1536x864.jpg 1536w, https:\/\/inovhumre.iscte-iul.pt\/wp-content\/uploads\/2023\/03\/20230320_095832-2048x1152.jpg 2048w, https:\/\/inovhumre.iscte-iul.pt\/wp-content\/uploads\/2023\/03\/20230320_095832-750x422.jpg 750w\" sizes=\"auto, (max-width: 1024px) 100vw, 1024px\" \/><figcaption class=\"wp-element-caption\">Lisboa: 20 &#8211; 21 mar 23<\/figcaption><\/figure>\n<\/div>\n\n\n\n<div class=\"wp-block-column is-layout-flow wp-block-column-is-layout-flow\" style=\"flex-basis:25%\">\n<figure class=\"wp-block-image size-large\"><img loading=\"lazy\" decoding=\"async\" width=\"1024\" height=\"576\" src=\"http:\/\/inovhumre.iscte-iul.pt\/wp-content\/uploads\/2023\/07\/WhatsApp-Image-2023-07-04-at-12.59.23-1024x576.jpeg\" alt=\"\" class=\"wp-image-856\" srcset=\"https:\/\/inovhumre.iscte-iul.pt\/wp-content\/uploads\/2023\/07\/WhatsApp-Image-2023-07-04-at-12.59.23-1024x576.jpeg 1024w, https:\/\/inovhumre.iscte-iul.pt\/wp-content\/uploads\/2023\/07\/WhatsApp-Image-2023-07-04-at-12.59.23-300x169.jpeg 300w, https:\/\/inovhumre.iscte-iul.pt\/wp-content\/uploads\/2023\/07\/WhatsApp-Image-2023-07-04-at-12.59.23-768x432.jpeg 768w, https:\/\/inovhumre.iscte-iul.pt\/wp-content\/uploads\/2023\/07\/WhatsApp-Image-2023-07-04-at-12.59.23-1536x864.jpeg 1536w, https:\/\/inovhumre.iscte-iul.pt\/wp-content\/uploads\/2023\/07\/WhatsApp-Image-2023-07-04-at-12.59.23-750x422.jpeg 750w, https:\/\/inovhumre.iscte-iul.pt\/wp-content\/uploads\/2023\/07\/WhatsApp-Image-2023-07-04-at-12.59.23.jpeg 2048w\" sizes=\"auto, (max-width: 1024px) 100vw, 1024px\" \/><figcaption class=\"wp-element-caption\">Lisboa: 03 -04 jul 23<\/figcaption><\/figure>\n<\/div>\n\n\n\n<div class=\"wp-block-column is-layout-flow wp-block-column-is-layout-flow\" style=\"flex-basis:25%\">\n<figure class=\"wp-block-image size-large is-resized\"><img loading=\"lazy\" decoding=\"async\" width=\"1024\" height=\"768\" src=\"https:\/\/inovhumre.iscte-iul.pt\/wp-content\/uploads\/2023\/09\/WhatsApp-Image-2023-09-19-at-11.53.26-1024x768.jpeg\" alt=\"\" class=\"wp-image-870\" style=\"aspect-ratio:3\/2;object-fit:cover;width:200px\" srcset=\"https:\/\/inovhumre.iscte-iul.pt\/wp-content\/uploads\/2023\/09\/WhatsApp-Image-2023-09-19-at-11.53.26-1024x768.jpeg 1024w, https:\/\/inovhumre.iscte-iul.pt\/wp-content\/uploads\/2023\/09\/WhatsApp-Image-2023-09-19-at-11.53.26-300x225.jpeg 300w, https:\/\/inovhumre.iscte-iul.pt\/wp-content\/uploads\/2023\/09\/WhatsApp-Image-2023-09-19-at-11.53.26-768x576.jpeg 768w, https:\/\/inovhumre.iscte-iul.pt\/wp-content\/uploads\/2023\/09\/WhatsApp-Image-2023-09-19-at-11.53.26-1536x1152.jpeg 1536w, https:\/\/inovhumre.iscte-iul.pt\/wp-content\/uploads\/2023\/09\/WhatsApp-Image-2023-09-19-at-11.53.26-750x563.jpeg 750w, https:\/\/inovhumre.iscte-iul.pt\/wp-content\/uploads\/2023\/09\/WhatsApp-Image-2023-09-19-at-11.53.26.jpeg 2048w\" sizes=\"auto, (max-width: 1024px) 100vw, 1024px\" \/><figcaption class=\"wp-element-caption\">Cordova: 19 &#8211; 20 set 23<\/figcaption><\/figure>\n<\/div>\n<\/div>\n\n\n\n<div style=\"height:43px\" aria-hidden=\"true\" class=\"wp-block-spacer\"><\/div>\n\n\n\n<p class=\"has-medium-font-size\">&gt; Realiza\u00e7\u00e3o da <strong>Confer\u00eancia Final<\/strong> do projeto InovHumRe<\/p>\n\n\n\n<div style=\"height:30px\" aria-hidden=\"true\" class=\"wp-block-spacer\"><\/div>\n\n\n\n<div class=\"wp-block-media-text is-stacked-on-mobile is-vertically-aligned-top\" style=\"grid-template-columns:32% auto\"><figure class=\"wp-block-media-text__media\"><img loading=\"lazy\" decoding=\"async\" width=\"1024\" height=\"680\" src=\"http:\/\/inovhumre.iscte-iul.pt\/wp-content\/uploads\/2024\/01\/humanitarian-action-winter-school-2023_060_53337858240_o-1-1024x680.jpg\" alt=\"\" class=\"wp-image-1076 size-full\" srcset=\"https:\/\/inovhumre.iscte-iul.pt\/wp-content\/uploads\/2024\/01\/humanitarian-action-winter-school-2023_060_53337858240_o-1-1024x680.jpg 1024w, https:\/\/inovhumre.iscte-iul.pt\/wp-content\/uploads\/2024\/01\/humanitarian-action-winter-school-2023_060_53337858240_o-1-300x199.jpg 300w, https:\/\/inovhumre.iscte-iul.pt\/wp-content\/uploads\/2024\/01\/humanitarian-action-winter-school-2023_060_53337858240_o-1-768x510.jpg 768w, https:\/\/inovhumre.iscte-iul.pt\/wp-content\/uploads\/2024\/01\/humanitarian-action-winter-school-2023_060_53337858240_o-1-1536x1020.jpg 1536w, https:\/\/inovhumre.iscte-iul.pt\/wp-content\/uploads\/2024\/01\/humanitarian-action-winter-school-2023_060_53337858240_o-1-2048x1360.jpg 2048w, https:\/\/inovhumre.iscte-iul.pt\/wp-content\/uploads\/2024\/01\/humanitarian-action-winter-school-2023_060_53337858240_o-1-750x498.jpg 750w\" sizes=\"auto, (max-width: 1024px) 100vw, 1024px\" \/><\/figure><div class=\"wp-block-media-text__content\">\n<p>No dia 16 de novembro 2023, realizou-se no Iscte a Confer\u00eancia final do projeto InovHumRe. Esta Confer\u00eancia foi o culminar de 3 anos de trabalho, onde foram criadas importantes ferramentas para o trabalho em a\u00e7\u00e3o humanit\u00e1ria, nomeadamente uma unidade curricular em Avalia\u00e7\u00e3o Participativa, um Handbook com conte\u00fados te\u00f3ricos e casos pr\u00e1ticos, bem como v\u00eddeos pedag\u00f3gicos, de apoio ao ensino em avalia\u00e7\u00e3o participativa.<\/p>\n\n\n\n<p>Nesta confer\u00eancia foram apresentados os principais resultados do projeto a uma vasta audi\u00eancia composta por alunos, docentes, investigadores, ONGs e sociedade civil. <\/p>\n\n\n\n<p>Contou-se com uma audi\u00eancia de cerca de 80 pessoas nacionais e estrangeiras onde estiveram tamb\u00e9m presentes os Presidentes das tr\u00eas principais organiza\u00e7\u00f5es internacionais de servi\u00e7o social: International Association of Schools of Social Work; International Council on Social Welfare e International Federation of Social Workers.<\/p>\n\n\n\n<p><strong>Assista <a href=\"https:\/\/youtu.be\/bcnIIPKwuN4\" data-type=\"link\" data-id=\"https:\/\/youtu.be\/bcnIIPKwuN4\" target=\"_blank\" rel=\"noreferrer noopener\">aqui<\/a> ao v\u00eddeo da Confer\u00eancia Final<\/strong><\/p>\n<\/div><\/div>\n","protected":false},"excerpt":{"rendered":"<p>&gt; Realiza\u00e7\u00e3o de uma forma\u00e7\u00e3o de curta dura\u00e7\u00e3o dirigida aos parceiros do projeto com o objetivo de promover a troca de ideias e a partilha de conhecimentos para a consolida\u00e7\u00e3o da nova unidade curricular em Avalia\u00e7\u00e3o Participativa Universidade Hacettepe, Turquia, 20 a 24 de setembro 2021 > Realiza\u00e7\u00e3o de Programas de Estudos Intensivo Universidade Hacettepe,&hellip;<a href=\"https:\/\/inovhumre.iscte-iul.pt\/index.php\/resultados-e-atividades\/\" class=\"more-link\">Continue reading <span class=\"screen-reader-text\">Atividades<\/span><\/a><\/p>\n","protected":false},"author":1,"featured_media":0,"parent":0,"menu_order":0,"comment_status":"closed","ping_status":"closed","template":"","meta":{"footnotes":""},"class_list":["post-32","page","type-page","status-publish","hentry"],"_links":{"self":[{"href":"https:\/\/inovhumre.iscte-iul.pt\/index.php\/wp-json\/wp\/v2\/pages\/32","targetHints":{"allow":["GET"]}}],"collection":[{"href":"https:\/\/inovhumre.iscte-iul.pt\/index.php\/wp-json\/wp\/v2\/pages"}],"about":[{"href":"https:\/\/inovhumre.iscte-iul.pt\/index.php\/wp-json\/wp\/v2\/types\/page"}],"author":[{"embeddable":true,"href":"https:\/\/inovhumre.iscte-iul.pt\/index.php\/wp-json\/wp\/v2\/users\/1"}],"replies":[{"embeddable":true,"href":"https:\/\/inovhumre.iscte-iul.pt\/index.php\/wp-json\/wp\/v2\/comments?post=32"}],"version-history":[{"count":43,"href":"https:\/\/inovhumre.iscte-iul.pt\/index.php\/wp-json\/wp\/v2\/pages\/32\/revisions"}],"predecessor-version":[{"id":1219,"href":"https:\/\/inovhumre.iscte-iul.pt\/index.php\/wp-json\/wp\/v2\/pages\/32\/revisions\/1219"}],"wp:attachment":[{"href":"https:\/\/inovhumre.iscte-iul.pt\/index.php\/wp-json\/wp\/v2\/media?parent=32"}],"curies":[{"name":"wp","href":"https:\/\/api.w.org\/{rel}","templated":true}]}}