{"id":238,"date":"2022-02-01T10:17:30","date_gmt":"2022-02-01T10:17:30","guid":{"rendered":"https:\/\/inovhumre.iscte-iul.pt\/?page_id=238"},"modified":"2022-02-14T15:39:46","modified_gmt":"2022-02-14T15:39:46","slug":"sosyal-hizmet","status":"publish","type":"page","link":"https:\/\/inovhumre.iscte-iul.pt\/index.php\/parceiros\/sosyal-hizmet\/","title":{"rendered":"Sosyal Hizmet Uzmanlar\u0131 Derne\u011fi (SHUDER)"},"content":{"rendered":"\n<div class=\"wp-block-media-text alignwide is-stacked-on-mobile is-vertically-aligned-top\" style=\"grid-template-columns:26% auto\"><figure class=\"wp-block-media-text__media\"><a href=\"http:\/\/shuder.org\/\"><img loading=\"lazy\" decoding=\"async\" width=\"400\" height=\"400\" src=\"https:\/\/inovhumre.iscte-iul.pt\/wp-content\/uploads\/2022\/02\/Sosyal-Logo.png\" alt=\"\" class=\"wp-image-348 size-full\" srcset=\"https:\/\/inovhumre.iscte-iul.pt\/wp-content\/uploads\/2022\/02\/Sosyal-Logo.png 400w, https:\/\/inovhumre.iscte-iul.pt\/wp-content\/uploads\/2022\/02\/Sosyal-Logo-300x300.png 300w, https:\/\/inovhumre.iscte-iul.pt\/wp-content\/uploads\/2022\/02\/Sosyal-Logo-150x150.png 150w\" sizes=\"auto, (max-width: 400px) 100vw, 400px\" \/><\/a><\/figure><div class=\"wp-block-media-text__content\">\n<div class=\"wp-block-group\"><div class=\"wp-block-group__inner-container is-layout-flow wp-block-group-is-layout-flow\">\n<div class=\"wp-block-group\"><div class=\"wp-block-group__inner-container is-layout-flow wp-block-group-is-layout-flow\">\n<blockquote class=\"wp-block-quote is-layout-flow wp-block-quote-is-layout-flow\"><p>A<a href=\"http:\/\/shuder.org\/\" data-type=\"URL\" data-id=\"http:\/\/shuder.org\/\"> Sosyal Hizmet Uzmanlar\u0131 Derne\u011fi (SHUDER)<\/a> \u00e9 uma organiza\u00e7\u00e3o profissional n\u00e3o-governamental, da qual os assistentes sociais se podem tornar membros. Foi fundada em 1988 e tem delega\u00e7\u00f5es nas 23 regi\u00f5es, com cerca de 2500 membros. A delega\u00e7\u00e3o de Ankara assegura a organiza\u00e7\u00e3o de atividades dentro da regi\u00e3o e dentro das \u00e1reas de atua\u00e7\u00e3o da associa\u00e7\u00e3o e das suas principais \u00e1reas de atividade. A delega\u00e7\u00e3o de Ankara tem 16 volunt\u00e1rios e 652 membros. Os profissionais de servi\u00e7o social t\u00eam um grupo alvo espec\u00edfico, que inclui todos os grupos desfavorecidos. Neste contexto, desenvolve a sua atividade na \u00e1rea dos idosos, crian\u00e7as, refugiados, jovens, mulheres, pessoas com defici\u00eancia, LGBTQ+. A associa\u00e7\u00e3o criou um grupo de trabalho para as pessoas em situa\u00e7\u00e3o de desvantagem e leva a cabo atividades com comiss\u00f5es acad\u00e9micas, profissionais e funcion\u00e1rios p\u00fablicos a trabalharem no terreno. Para a associa\u00e7\u00e3o, as principais \u00e1reas de atividade da SHUDER s\u00e3o:  <\/p><p>&#8211; Fortalecer e aumentar a efic\u00e1cia da profiss\u00e3o do assistente social na Turquia; <\/p><p>&#8211; Fazer recolha cient\u00edfica, an\u00e1lises e publica\u00e7\u00f5es sobre t\u00f3picos relacionados com o servi\u00e7o social; <\/p><p>&#8211; Organiza\u00e7\u00e3o de eventos como conferencias, congressos, simp\u00f3sios, pain\u00e9is, sess\u00f5es abertas e semin\u00e1rios relacionados com a profiss\u00e3o do assistente social; <\/p><p>&#8211; Facilitar os estuados profissionais em servi\u00e7o social; Organiza\u00e7\u00e3o de eventos de forma\u00e7\u00e3o para trabalhadores sociais para melhorar as suas compet\u00eancias e conhecimentos; <\/p><p>&#8211; Prote\u00e7\u00e3o e fortalecimento da solidariedade profissional, produzindo solu\u00e7\u00f5es para os problemas profissionais dos assistentes sociais; <\/p><p>&#8211; Assegurar que os assistentes sociais atuam de forma concertada; <\/p><p>&#8211; Colocar em pr\u00e1tica as melhorias no trabalho com foco nos grupos alvo como parte do trabalho do servi\u00e7o social.<\/p><\/blockquote>\n\n\n\n<p><\/p>\n<\/div><\/div>\n<\/div><\/div>\n<\/div><\/div>\n\n\n\n<p><\/p>\n\n\n\n<p><strong><span class=\"has-inline-color has-vivid-cyan-blue-color\">EQUIPA<\/span><\/strong><\/p>\n\n\n\n<p><\/p>\n\n\n\n<div class=\"wp-block-media-text alignwide is-stacked-on-mobile\" style=\"grid-template-columns:18% auto\"><figure class=\"wp-block-media-text__media\"><img loading=\"lazy\" decoding=\"async\" width=\"196\" height=\"300\" src=\"https:\/\/inovhumre.iscte-iul.pt\/wp-content\/uploads\/2022\/02\/Sosyal_Onur-196x300.jpg\" alt=\"\" class=\"wp-image-350 size-medium\" srcset=\"https:\/\/inovhumre.iscte-iul.pt\/wp-content\/uploads\/2022\/02\/Sosyal_Onur-196x300.jpg 196w, https:\/\/inovhumre.iscte-iul.pt\/wp-content\/uploads\/2022\/02\/Sosyal_Onur.jpg 389w\" sizes=\"auto, (max-width: 196px) 100vw, 196px\" \/><\/figure><div class=\"wp-block-media-text__content\">\n<p><strong>Onur Kisa<\/strong> \u00e9 um assistente social com mais de quatro anos de experi\u00eancia como volunt\u00e1rios e profissional de ONG. Teve a oportunidade de trabalhar na ajuda humanit\u00e1ria e na \u00e1rea dos direitos fundamentais, portanto adquiriu experi\u00eancia a trabalhar com indiv\u00edduos, grupos e comunidades. Tem bons conhecimentos na \u00e1rea da cria\u00e7\u00e3o, planeamento e implementa\u00e7\u00e3o do projeto, emprego, empreendedorismo, mentoria, treino de compet\u00eancias para a empregabilidade, orienta\u00e7\u00e3o profissional, participa\u00e7\u00e3o das crian\u00e7as e jovens e tamb\u00e9m no contexto o empowerment econ\u00f3mico atrav\u00e9s da sua experi\u00eancia de trabalho com grupos em situa\u00e7\u00e3o de desvantagem.<\/p>\n<\/div><\/div>\n\n\n\n<div class=\"wp-block-media-text alignwide is-stacked-on-mobile\" style=\"grid-template-columns:18% auto\"><figure class=\"wp-block-media-text__media\"><img loading=\"lazy\" decoding=\"async\" width=\"200\" height=\"200\" src=\"https:\/\/inovhumre.iscte-iul.pt\/wp-content\/uploads\/2022\/02\/Sosyal_Ahmet.jpg\" alt=\"\" class=\"wp-image-351 size-full\" srcset=\"https:\/\/inovhumre.iscte-iul.pt\/wp-content\/uploads\/2022\/02\/Sosyal_Ahmet.jpg 200w, https:\/\/inovhumre.iscte-iul.pt\/wp-content\/uploads\/2022\/02\/Sosyal_Ahmet-150x150.jpg 150w\" sizes=\"auto, (max-width: 200px) 100vw, 200px\" \/><\/figure><div class=\"wp-block-media-text__content\">\n<p><strong>Ahmet Yasin G\u00dcRSOY<\/strong> \u00e9 um assistente social que trabalhou em ONGs como volunt\u00e1rio e profissional durante 6 anos. Tem experi\u00eancia no trabalho com crian\u00e7as e jovens em situa\u00e7\u00e3o de desvantagem enquanto indiv\u00edduos, grupos ou em apoio a comunidades. Tem tamb\u00e9m experi\u00eancia em desenvolvimento de projetos, gest\u00e3o de parcerias, gest\u00e3o de equipas, planeamento e coordena\u00e7\u00e3o, reporting, monitoriza\u00e7\u00e3o. Analise de impacto social e trabalho diretos com p\u00fablicos-alvo. Tem bons conhecimentos na \u00e1rea da prote\u00e7\u00e3o das crian\u00e7as incluindo os sistemas de prote\u00e7\u00e3o na Turquia, a\u00e7\u00e3o humanit\u00e1ria para a popula\u00e7\u00e3o refugiada, boas pr\u00e1ticas a n\u00edvel global e relacionada com a legisla\u00e7\u00e3o e atividades de subsist\u00eancia.<\/p>\n<\/div><\/div>\n","protected":false},"excerpt":{"rendered":"<p>EQUIPA Onur Kisa \u00e9 um assistente social com mais de quatro anos de experi\u00eancia como volunt\u00e1rios e profissional de ONG. Teve a oportunidade de trabalhar na ajuda humanit\u00e1ria e na \u00e1rea dos direitos fundamentais, portanto adquiriu experi\u00eancia a trabalhar com indiv\u00edduos, grupos e comunidades. Tem bons conhecimentos na \u00e1rea da cria\u00e7\u00e3o, planeamento e implementa\u00e7\u00e3o do&hellip;<a href=\"https:\/\/inovhumre.iscte-iul.pt\/index.php\/parceiros\/sosyal-hizmet\/\" class=\"more-link\">Continue reading <span class=\"screen-reader-text\">Sosyal Hizmet Uzmanlar\u0131 Derne\u011fi (SHUDER)<\/span><\/a><\/p>\n","protected":false},"author":3,"featured_media":0,"parent":25,"menu_order":8,"comment_status":"closed","ping_status":"closed","template":"","meta":{"footnotes":""},"class_list":["post-238","page","type-page","status-publish","hentry"],"_links":{"self":[{"href":"https:\/\/inovhumre.iscte-iul.pt\/index.php\/wp-json\/wp\/v2\/pages\/238","targetHints":{"allow":["GET"]}}],"collection":[{"href":"https:\/\/inovhumre.iscte-iul.pt\/index.php\/wp-json\/wp\/v2\/pages"}],"about":[{"href":"https:\/\/inovhumre.iscte-iul.pt\/index.php\/wp-json\/wp\/v2\/types\/page"}],"author":[{"embeddable":true,"href":"https:\/\/inovhumre.iscte-iul.pt\/index.php\/wp-json\/wp\/v2\/users\/3"}],"replies":[{"embeddable":true,"href":"https:\/\/inovhumre.iscte-iul.pt\/index.php\/wp-json\/wp\/v2\/comments?post=238"}],"version-history":[{"count":8,"href":"https:\/\/inovhumre.iscte-iul.pt\/index.php\/wp-json\/wp\/v2\/pages\/238\/revisions"}],"predecessor-version":[{"id":559,"href":"https:\/\/inovhumre.iscte-iul.pt\/index.php\/wp-json\/wp\/v2\/pages\/238\/revisions\/559"}],"up":[{"embeddable":true,"href":"https:\/\/inovhumre.iscte-iul.pt\/index.php\/wp-json\/wp\/v2\/pages\/25"}],"wp:attachment":[{"href":"https:\/\/inovhumre.iscte-iul.pt\/index.php\/wp-json\/wp\/v2\/media?parent=238"}],"curies":[{"name":"wp","href":"https:\/\/api.w.org\/{rel}","templated":true}]}}

Sosyal Hizmet Uzmanları Derneği (SHUDER)

<div class="wp-block-media-text alignwide is-stacked-on-mobile is-vertically-aligned-top" style="grid-template-columns:26% auto"><figure class="wp-block-media-text__media"><a href="http://shuder.org/"><img loading="lazy" decoding="async" width="400" height="400" src="https://inovhumre.iscte-iul.pt/wp-content/uploads/2022/02/Sosyal-Logo.png" alt="" class="wp-image-348 size-full" srcset="https://inovhumre.iscte-iul.pt/wp-content/uploads/2022/02/Sosyal-Logo.png 400w, https://inovhumre.iscte-iul.pt/wp-content/uploads/2022/02/Sosyal-Logo-300x300.png 300w, https://inovhumre.iscte-iul.pt/wp-content/uploads/2022/02/Sosyal-Logo-150x150.png 150w" sizes="auto, (max-width: 400px) 100vw, 400px" /></a></figure><div class="wp-block-media-text__content">
<div class="wp-block-group"><div class="wp-block-group__inner-container is-layout-flow wp-block-group-is-layout-flow">
<div class="wp-block-group"><div class="wp-block-group__inner-container is-layout-flow wp-block-group-is-layout-flow">
<blockquote class="wp-block-quote is-layout-flow wp-block-quote-is-layout-flow"><p>A<a href="http://shuder.org/" data-type="URL" data-id="http://shuder.org/"> Sosyal Hizmet Uzmanları Derneği (SHUDER)</a> é uma organização profissional não-governamental, da qual os assistentes sociais se podem tornar membros. Foi fundada em 1988 e tem delegações nas 23 regiões, com cerca de 2500 membros. A delegação de Ankara assegura a organização de atividades dentro da região e dentro das áreas de atuação da associação e das suas principais áreas de atividade. A delegação de Ankara tem 16 voluntários e 652 membros. Os profissionais de serviço social têm um grupo alvo específico, que inclui todos os grupos desfavorecidos. Neste contexto, desenvolve a sua atividade na área dos idosos, crianças, refugiados, jovens, mulheres, pessoas com deficiência, LGBTQ+. A associação criou um grupo de trabalho para as pessoas em situação de desvantagem e leva a cabo atividades com comissões académicas, profissionais e funcionários públicos a trabalharem no terreno. Para a associação, as principais áreas de atividade da SHUDER são:  </p><p>&#8211; Fortalecer e aumentar a eficácia da profissão do assistente social na Turquia; </p><p>&#8211; Fazer recolha científica, análises e publicações sobre tópicos relacionados com o serviço social; </p><p>&#8211; Organização de eventos como conferencias, congressos, simpósios, painéis, sessões abertas e seminários relacionados com a profissão do assistente social; </p><p>&#8211; Facilitar os estuados profissionais em serviço social; Organização de eventos de formação para trabalhadores sociais para melhorar as suas competências e conhecimentos; </p><p>&#8211; Proteção e fortalecimento da solidariedade profissional, produzindo soluções para os problemas profissionais dos assistentes sociais; </p><p>&#8211; Assegurar que os assistentes sociais atuam de forma concertada; </p><p>&#8211; Colocar em prática as melhorias no trabalho com foco nos grupos alvo como parte do trabalho do serviço social.</p></blockquote>



<p></p>
</div></div>
</div></div>
</div></div>



<p></p>



<p><strong><span class="has-inline-color has-vivid-cyan-blue-color">EQUIPA</span></strong></p>



<p></p>



<div class="wp-block-media-text alignwide is-stacked-on-mobile" style="grid-template-columns:18% auto"><figure class="wp-block-media-text__media"><img loading="lazy" decoding="async" width="196" height="300" src="https://inovhumre.iscte-iul.pt/wp-content/uploads/2022/02/Sosyal_Onur-196x300.jpg" alt="" class="wp-image-350 size-medium" srcset="https://inovhumre.iscte-iul.pt/wp-content/uploads/2022/02/Sosyal_Onur-196x300.jpg 196w, https://inovhumre.iscte-iul.pt/wp-content/uploads/2022/02/Sosyal_Onur.jpg 389w" sizes="auto, (max-width: 196px) 100vw, 196px" /></figure><div class="wp-block-media-text__content">
<p><strong>Onur Kisa</strong> é um assistente social com mais de quatro anos de experiência como voluntários e profissional de ONG. Teve a oportunidade de trabalhar na ajuda humanitária e na área dos direitos fundamentais, portanto adquiriu experiência a trabalhar com indivíduos, grupos e comunidades. Tem bons conhecimentos na área da criação, planeamento e implementação do projeto, emprego, empreendedorismo, mentoria, treino de competências para a empregabilidade, orientação profissional, participação das crianças e jovens e também no contexto o empowerment económico através da sua experiência de trabalho com grupos em situação de desvantagem.</p>
</div></div>



<div class="wp-block-media-text alignwide is-stacked-on-mobile" style="grid-template-columns:18% auto"><figure class="wp-block-media-text__media"><img loading="lazy" decoding="async" width="200" height="200" src="https://inovhumre.iscte-iul.pt/wp-content/uploads/2022/02/Sosyal_Ahmet.jpg" alt="" class="wp-image-351 size-full" srcset="https://inovhumre.iscte-iul.pt/wp-content/uploads/2022/02/Sosyal_Ahmet.jpg 200w, https://inovhumre.iscte-iul.pt/wp-content/uploads/2022/02/Sosyal_Ahmet-150x150.jpg 150w" sizes="auto, (max-width: 200px) 100vw, 200px" /></figure><div class="wp-block-media-text__content">
<p><strong>Ahmet Yasin GÜRSOY</strong> é um assistente social que trabalhou em ONGs como voluntário e profissional durante 6 anos. Tem experiência no trabalho com crianças e jovens em situação de desvantagem enquanto indivíduos, grupos ou em apoio a comunidades. Tem também experiência em desenvolvimento de projetos, gestão de parcerias, gestão de equipas, planeamento e coordenação, reporting, monitorização. Analise de impacto social e trabalho diretos com públicos-alvo. Tem bons conhecimentos na área da proteção das crianças incluindo os sistemas de proteção na Turquia, ação humanitária para a população refugiada, boas práticas a nível global e relacionada com a legislação e atividades de subsistência.</p>
</div></div>

<p>EQUIPA Onur Kisa é um assistente social com mais de quatro anos de experiência como voluntários e profissional de ONG. Teve a oportunidade de trabalhar na ajuda humanitária e na área dos direitos fundamentais, portanto adquiriu experiência a trabalhar com indivíduos, grupos e comunidades. Tem bons conhecimentos na área da criação, planeamento e implementação do&hellip;<a href="https://inovhumre.iscte-iul.pt/index.php/parceiros/sosyal-hizmet/" class="more-link">Continue reading <span class="screen-reader-text">Sosyal Hizmet Uzmanları Derneği (SHUDER)</span></a></p>
