{"id":18,"date":"2021-09-28T15:46:33","date_gmt":"2021-09-28T15:46:33","guid":{"rendered":"http:\/\/inovhumre.iscte-iul.pt\/?page_id=18"},"modified":"2024-02-05T10:40:56","modified_gmt":"2024-02-05T10:40:56","slug":"apresentacao","status":"publish","type":"page","link":"https:\/\/inovhumre.iscte-iul.pt\/","title":{"rendered":"Apresenta\u00e7\u00e3o"},"content":{"rendered":"\n<p><mark style=\"background-color:rgba(0, 0, 0, 0)\" class=\"has-inline-color has-vivid-cyan-blue-color\"><strong>Sobre o<\/strong> <strong>InovHumRe &#8211; Innovation in Humanitarian Response<\/strong><\/mark><\/p>\n\n\n\n<p>A Europa \u00e9 o maior fornecedor mundial de ajuda ao desenvolvimento e a\u00e7\u00e3o humanit\u00e1ria (AH) e est\u00e1 agora tamb\u00e9m a acolher um grande n\u00famero de refugiados. A oferta de forma\u00e7\u00e3o existente sobre AH a n\u00edvel europeu e internacional tem um enfoque insuficiente na an\u00e1lise fundamentada e n\u00e3o \u00e9 satisfatoriamente informada por metodologias inovadoras de ensino, aprendizagem e investiga\u00e7\u00e3o que se baseiam na pr\u00e1tica no terreno.<\/p>\n\n\n\n<p>As Institui\u00e7\u00f5es de Ensino Superior podem trazer um valor acrescentado particular a este campo, oferecendo um conjunto de metodologias de investiga\u00e7\u00e3o informadas por abordagens rigorosas.<\/p>\n\n\n\n<p>O projeto <strong>InovHumRe<\/strong> \u00e9 um projeto financiado pelo<strong> Programa Erasmus+ &#8211; KA203 \u2013 Parcerias Estrat\u00e9gicas para o Ensino Superior<\/strong> e que visa <strong>melhorar a qualidade e efic\u00e1cia<\/strong> das institui\u00e7\u00f5es de ensino superior, <strong>melhorando a ensino dos estudantes e profissionais de A\u00e7\u00e3o Humanit\u00e1ria<\/strong>, atrav\u00e9s da implementa\u00e7\u00e3o, nos cursos de ci\u00eancias sociais de segundo ciclo, de uma unidade curricular de avalia\u00e7\u00e3o de a\u00e7\u00e3o humanit\u00e1ria.<\/p>\n\n\n\n<p>Tal unidade curricular ser\u00e1 baseada em abordagens metodol\u00f3gicas inovadoras \u2013 avalia\u00e7\u00e3o participativa em A\u00e7\u00e3o Humanit\u00e1ria e contar\u00e1 com o<strong> desenvolvimento de novas ferramentas de aprendizagem<\/strong> que incorporem as contribui\u00e7\u00f5es das IES parceiras e das ONG diretamente envolvidas na resposta humanit\u00e1ria, colmatando assim as lacunas de compet\u00eancias.<\/p>\n\n\n\n<div style=\"height:31px\" aria-hidden=\"true\" class=\"wp-block-spacer\"><\/div>\n\n\n\n<p><strong>Assista ao <a href=\"https:\/\/youtu.be\/EYda3Dv7MHc\" data-type=\"link\" data-id=\"https:\/\/youtu.be\/EYda3Dv7MHc\" target=\"_blank\" rel=\"noreferrer noopener\">video<\/a> das atividades do projeto<\/strong><\/p>\n\n\n\n<div style=\"height:26px\" aria-hidden=\"true\" class=\"wp-block-spacer\"><\/div>\n\n\n\n<p><strong><span class=\"has-inline-color has-vivid-cyan-blue-color\">Grupos-alvo<\/span><\/strong><\/p>\n\n\n\n<p><strong>Diretos:<\/strong><\/p>\n\n\n\n<ul class=\"wp-block-list\">\n<li>Institui\u00e7\u00f5es de Ensino Superior, que ter\u00e3o uma unidade curricular inovadora e ir\u00e3o refor\u00e7ar a sua rela\u00e7\u00e3o com as ONG;<\/li>\n\n\n\n<li>Estudantes, que ir\u00e3o beneficiar de uma metodologia inovadora e de um Programa de Estudo Intensivo;<\/li>\n\n\n\n<li>Professores, que ir\u00e3o desenvolver e disponibilizar uma unidade curricular inovadora, refor\u00e7ando as suas capacidades de ensino atrav\u00e9s da aplica\u00e7\u00e3o de metodologias inovadoras;<\/li>\n\n\n\n<li>ONG, que ir\u00e3o contribuir para os resultados do projeto e beneficiar de colaboradores com compet\u00eancias profissionais melhoradas.<\/li>\n<\/ul>\n\n\n\n<p><strong>Indiretos:<\/strong> Migrantes, refugiados e outros benefici\u00e1rios de AH que ter\u00e3o o apoio de pessoal mais qualificado<\/p>\n\n\n\n<div style=\"height:19px\" aria-hidden=\"true\" class=\"wp-block-spacer\"><\/div>\n\n\n\n<div style=\"height:33px\" aria-hidden=\"true\" class=\"wp-block-spacer\"><\/div>\n\n\n\n<div class=\"wp-block-media-text alignwide is-stacked-on-mobile is-vertically-aligned-center\" style=\"grid-template-columns:54% auto\"><figure class=\"wp-block-media-text__media\"><a href=\"https:\/\/inovhumre.iscte-iul.pt\/wp-content\/uploads\/2022\/04\/InovHumRe_Leaflet.pdf\" target=\"_blank\" rel=\"noopener\"><img loading=\"lazy\" decoding=\"async\" width=\"1024\" height=\"716\" src=\"http:\/\/inovhumre.iscte-iul.pt\/wp-content\/uploads\/2022\/04\/Folhetook-1024x716.png\" alt=\"\" class=\"wp-image-637 size-full\" srcset=\"https:\/\/inovhumre.iscte-iul.pt\/wp-content\/uploads\/2022\/04\/Folhetook-1024x716.png 1024w, https:\/\/inovhumre.iscte-iul.pt\/wp-content\/uploads\/2022\/04\/Folhetook-300x210.png 300w, https:\/\/inovhumre.iscte-iul.pt\/wp-content\/uploads\/2022\/04\/Folhetook-768x537.png 768w, https:\/\/inovhumre.iscte-iul.pt\/wp-content\/uploads\/2022\/04\/Folhetook-1536x1075.png 1536w, https:\/\/inovhumre.iscte-iul.pt\/wp-content\/uploads\/2022\/04\/Folhetook-750x525.png 750w, https:\/\/inovhumre.iscte-iul.pt\/wp-content\/uploads\/2022\/04\/Folhetook.png 1608w\" sizes=\"auto, (max-width: 1024px) 100vw, 1024px\" \/><\/a><\/figure><div class=\"wp-block-media-text__content\">\n<p class=\"has-text-align-left\" style=\"font-size:17px\"><strong>Descarregue <a rel=\"noreferrer noopener\" href=\"https:\/\/inovhumre.iscte-iul.pt\/wp-content\/uploads\/2022\/04\/InovHumRe_Leaflet.pdf\" target=\"_blank\">aqui <\/a>o folheto do projeto<\/strong><\/p>\n<\/div><\/div>\n\n\n\n<div style=\"height:28px\" aria-hidden=\"true\" class=\"wp-block-spacer\"><\/div>\n\n\n\n<hr class=\"wp-block-separator has-css-opacity is-style-wide\"\/>\n\n\n\n<p>O projeto <strong>InovHumRe, <\/strong>tem a dura\u00e7\u00e3o de 30 meses (31\/12\/2020 &#8211; 29\/11\/2023),<strong> <\/strong>\u00e9 coordenado pelo <a href=\"https:\/\/www.iscte-iul.pt\/\" data-type=\"URL\" data-id=\"https:\/\/www.iscte-iul.pt\/\">Iscte \u2013 Instituto Universit\u00e1rio de Lisboa<\/a>, Portugal, e tem como parceiros as seguintes entidades:<\/p>\n\n\n\n<p>&#8211; <a href=\"http:\/\/www.imvf.org\" data-type=\"URL\" data-id=\"www.imvf.org\">Instituto Marqu\u00eas de Valle Fl\u00f4r<\/a>, Portugal<\/p>\n\n\n\n<p>&#8211; <a href=\"https:\/\/www.hacettepe.edu.tr\/english\" data-type=\"URL\" data-id=\"https:\/\/www.hacettepe.edu.tr\/english\">Hacettepe University<\/a>, Turquia<\/p>\n\n\n\n<p>&#8211; <a href=\"https:\/\/sened.ngo\/\" data-type=\"URL\" data-id=\"https:\/\/sened.ngo\/\">Sened Dernegi<\/a>, Turquia<\/p>\n\n\n\n<p>&#8211; <a href=\"http:\/\/shuder.org\/\" data-type=\"URL\" data-id=\"http:\/\/shuder.org\/\">Sosyal Hizmet Uzmanlar\u0131 Derne\u011fi (SHUDER)<\/a>, Turquia<\/p>\n\n\n\n<p>&#8211; <a href=\"http:\/\/www.fundacionmagtel.es\" data-type=\"URL\" data-id=\"www.fundacionmagtel.es\">Fundac\u00edon Magtel<\/a>, Espanha<\/p>\n\n\n\n<p>&#8211;<a href=\"https:\/\/www.uned.es\/universidad\/inicio.html\" data-type=\"URL\" data-id=\"https:\/\/www.uned.es\/universidad\/inicio.html\"> Universidade Nacional de Ensino a Dist\u00e2ncia<\/a>, Espanha<\/p>\n\n\n\n<p>&#8211; <a href=\"https:\/\/portal.fgv.br\/\" data-type=\"URL\" data-id=\"https:\/\/portal.fgv.br\/\">Funda\u00e7\u00e3o Get\u00falio Vargas<\/a>, Brasil<\/p>\n\n\n\n<p>&#8211; <a href=\"https:\/\/www.icesi.edu.co\/en\/\" data-type=\"URL\" data-id=\"https:\/\/www.icesi.edu.co\/en\/\">Icesi University<\/a>, Col\u00f4mbia<\/p>\n","protected":false},"excerpt":{"rendered":"<p>Sobre o InovHumRe &#8211; Innovation in Humanitarian Response A Europa \u00e9 o maior fornecedor mundial de ajuda ao desenvolvimento e a\u00e7\u00e3o humanit\u00e1ria (AH) e est\u00e1 agora tamb\u00e9m a acolher um grande n\u00famero de refugiados. A oferta de forma\u00e7\u00e3o existente sobre AH a n\u00edvel europeu e internacional tem um enfoque insuficiente na an\u00e1lise fundamentada e n\u00e3o&hellip;<a href=\"https:\/\/inovhumre.iscte-iul.pt\/\" class=\"more-link\">Continue reading <span class=\"screen-reader-text\">Apresenta\u00e7\u00e3o<\/span><\/a><\/p>\n","protected":false},"author":1,"featured_media":0,"parent":0,"menu_order":0,"comment_status":"closed","ping_status":"closed","template":"","meta":{"footnotes":""},"class_list":["post-18","page","type-page","status-publish","hentry"],"_links":{"self":[{"href":"https:\/\/inovhumre.iscte-iul.pt\/index.php\/wp-json\/wp\/v2\/pages\/18","targetHints":{"allow":["GET"]}}],"collection":[{"href":"https:\/\/inovhumre.iscte-iul.pt\/index.php\/wp-json\/wp\/v2\/pages"}],"about":[{"href":"https:\/\/inovhumre.iscte-iul.pt\/index.php\/wp-json\/wp\/v2\/types\/page"}],"author":[{"embeddable":true,"href":"https:\/\/inovhumre.iscte-iul.pt\/index.php\/wp-json\/wp\/v2\/users\/1"}],"replies":[{"embeddable":true,"href":"https:\/\/inovhumre.iscte-iul.pt\/index.php\/wp-json\/wp\/v2\/comments?post=18"}],"version-history":[{"count":34,"href":"https:\/\/inovhumre.iscte-iul.pt\/index.php\/wp-json\/wp\/v2\/pages\/18\/revisions"}],"predecessor-version":[{"id":1241,"href":"https:\/\/inovhumre.iscte-iul.pt\/index.php\/wp-json\/wp\/v2\/pages\/18\/revisions\/1241"}],"wp:attachment":[{"href":"https:\/\/inovhumre.iscte-iul.pt\/index.php\/wp-json\/wp\/v2\/media?parent=18"}],"curies":[{"name":"wp","href":"https:\/\/api.w.org\/{rel}","templated":true}]}}